 2790 and 120?
30
What is the greatest common factor of 2401 and 245?
49
What is the highest common divisor of 20 and 990?
10
What is the greatest common divisor of 3924 and 72?
36
Calculate the greatest common divisor of 40 and 20.
20
Calculate the greatest common factor of 1120 and 952.
56
What is the greatest common factor of 60 and 1020?
60
What is the greatest common factor of 19 and 1881?
19
Calculate the highest common divisor of 1472 and 207.
23
Calculate the greatest common factor of 5 and 2725.
5
What is the highest common factor of 514 and 257?
257
What is the greatest common divisor of 275 and 803?
11
What is the greatest common factor of 105 and 63?
21
Calculate the greatest common factor of 90 and 10.
10
Calculate the highest common factor of 92 and 138.
46
What is the highest common factor of 2337 and 190?
19
Calculate the greatest common divisor of 94 and 5734.
94
Calculate the greatest common factor of 327 and 2725.
109
What is the highest common divisor of 384 and 24?
24
What is the greatest common divisor of 45 and 36?
9
Calculate the greatest common factor of 272 and 1496.
136
What is the greatest common divisor of 31 and 279?
31
What is the highest common divisor of 200 and 80?
40
Calculate the greatest common divisor of 868 and 224.
28
What is the greatest common divisor of 55 and 32120?
55
What is the greatest common factor of 14268 and 29?
29
What is the highest common divisor of 2494 and 174?
58
Calculate the greatest common divisor of 37 and 1813.
37
Calculate the highest common divisor of 181 and 14480.
181
Calculate the highest common factor of 11 and 1111.
11
Calculate the highest common divisor of 2561 and 13.
13
What is the greatest common divisor of 3180 and 220?
20
What is the highest common divisor of 18 and 261?
9
Calculate the greatest common factor of 54 and 18.
18
Calculate the highest common factor of 500 and 150.
50
Calculate the greatest common factor of 1050 and 400.
50
Calculate the greatest common divisor of 2504 and 8.
8
Calculate the greatest common factor of 481 and 260.
13
What is the greatest common factor of 715 and 165?
55
Calculate the greatest common divisor of 4031 and 695.
139
What is the greatest common divisor of 1581 and 34?
17
What is the highest common factor of 1067 and 22?
11
Calculate the highest common factor of 803 and 2263.
73
What is the greatest common factor of 31 and 496?
31
Calculate the greatest common divisor of 84 and 32.
4
What is the greatest common divisor of 11 and 143?
11
Calculate the highest common factor of 1460 and 40.
20
Calculate the highest common divisor of 278 and 3475.
139
Calculate the highest common factor of 190 and 2432.
38
Calculate the greatest common divisor of 12638 and 267.
89
What is the greatest common divisor of 28 and 4396?
28
What is the highest common factor of 33440 and 80?
80
Calculate the highest common divisor of 9 and 5679.
9
What is the greatest common factor of 33 and 93?
3
What is the greatest common factor of 48 and 12336?
48
What is the greatest common factor of 104 and 312?
104
What is the greatest common factor of 425 and 9?
1
Calculate the greatest common factor of 286 and 66.
22
What is the highest common factor of 1072 and 201?
67
Calculate the highest common divisor of 55 and 5665.
55
Calculate the highest common divisor of 510 and 30.
30
Calculate the highest common divisor of 21060 and 108.
108
What is the highest common factor of 195 and 65?
65
Calculate the highest common factor of 164 and 4.
4
Calculate the highest common factor of 290 and 232.
58
Calculate the highest common divisor of 1056 and 2136.
24
Calculate the greatest common divisor of 21 and 147.
21
What is the greatest common divisor of 35778 and 201?
201
What is the greatest common divisor of 7780 and 420?
20
Calculate the greatest common factor of 256 and 96.
32
Calculate the greatest common divisor of 2 and 50.
2
Calculate the highest common divisor of 555 and 74.
37
Calculate the highest common divisor of 133 and 152.
19
Calculate the greatest common factor of 11607 and 730.
73
Calculate the greatest common factor of 485 and 582.
97
What is the greatest common factor of 57 and 456?
57
What is the highest common factor of 270 and 108?
54
What is the highest common divisor of 188 and 47?
47
Calculate the highest common divisor of 3 and 192.
3
Calculate the highest common factor of 161 and 18837.
161
What is the highest common divisor of 7 and 217?
7
Calculate the highest common divisor of 41 and 1107.
41
Calculate the highest common factor of 264 and 30.
6
What is the highest common factor of 288 and 168?
24
Calculate the greatest common divisor of 92 and 4.
4
What is the highest common divisor of 48 and 1104?
48
What is the greatest common factor of 12 and 75?
3
What is the greatest common divisor of 68 and 4148?
68
What is the highest common factor of 12 and 267?
3
What is the highest common factor of 9 and 2439?
9
What is the highest common divisor of 39 and 156?
39
Calculate the highest common divisor of 12179 and 38.
19
Calculate the highest common factor of 580 and 100.
20
What is the highest common divisor of 2748 and 6?
6
What is the greatest common divisor of 36 and 936?
36
Calculate the highest common divisor of 20 and 5030.
10
What is the greatest common factor of 345 and 10?
5
What is the highest common divisor of 40 and 2330?
10
What is the highest common divisor of 14 and 14?
14
What is the highest common divisor of 22 and 1562?
22
Calculate the highest common factor of 36 and 765.
9
Calculate the highest common factor of 1105 and 26.
13
Calculate the highest common divisor of 127 and 14.
1
Calculate the highest common factor of 14 and 8267.
7
What is the highest common divisor of 88 and 32?
8
Calculate the highest common factor of 122 and 366.
122
Calculate the greatest common divisor of 30 and 36.
6
What is the greatest common divisor of 27 and 243?
27
Calculate the highest common divisor of 37 and 2479.
37
Calculate the greatest common factor of 3810 and 18.
6
What is the greatest common divisor of 47 and 2?
1
What is the highest common divisor of 106 and 2597?
53
Calculate the highest common divisor of 106 and 477.
53
Calculate the greatest common divisor of 708 and 531.
177
Calculate the greatest common factor of 306 and 144.
18
Calculate the greatest common divisor of 40 and 64840.
40
Calculate the highest common factor of 18 and 306.
18
Calculate the highest common factor of 333 and 296.
37
Calculate the greatest common factor of 1024 and 64.
64
What is the highest common divisor of 5 and 15?
5
What is the highest common divisor of 52 and 5876?
52
Calculate the highest common factor of 912 and 78.
6
What is the greatest common factor of 43 and 1333?
43
Calculate the highest common factor of 103 and 11.
1
What is the highest common factor of 529 and 2737?
23
What is the greatest common factor of 10 and 3470?
10
What is the highest common divisor of 234 and 450?
18
What is the greatest common divisor of 57 and 3648?
57
Calculate the highest common divisor of 176 and 1892.
44
What is the highest common divisor of 676 and 3562?
26
Calculate the greatest common divisor of 88 and 2827.
11
Calculate the highest common factor of 1519 and 496.
31
What is the greatest common divisor of 1048 and 10611?
131
Calculate the highest common divisor of 2480 and 775.
155
Calculate the greatest common divisor of 27 and 198.
9
What is the greatest common factor of 1944 and 42?
6
What is the highest common divisor of 688 and 903?
43
What is the highest common factor of 4009 and 633?
211
What is the greatest common factor of 66 and 990?
66
Calculate the greatest common factor of 259 and 847.
7
Calculate the highest common factor of 1360 and 22780.
340
Calculate the highest common factor of 10 and 90.
10
Calculate the greatest common factor of 14 and 686.
14
Calculate the highest common divisor of 470 and 50.
10
Calculate the greatest common factor of 26 and 7670.
26
What is the highest common factor of 2717 and 22?
11
What is the greatest common divisor of 52 and 624?
52
Calculate the highest common factor of 91 and 26.
13
Calculate the highest common factor of 396 and 288.
36
What is the greatest common divisor of 25 and 55?
5
Calculate the greatest comm